
List the prime factors of 1577327.
439, 3593
List the prime factors of 633211.
211, 3001
What are the prime factors of 429123?
3, 313, 457
What are the prime factors of 7740765?
3, 5, 23, 277
List the prime factors of 311002.
2, 155501
What are the prime factors of 650058?
2, 3, 108343
List the prime factors of 209203.
209203
What are the prime factors of 1898834?
2, 7, 23, 5897
What are the prime factors of 643223?
7, 13127
List the prime factors of 48612.
2, 3, 4051
What are the prime factors of 19272021?
3, 47, 103, 1327
What are the prime factors of 304414?
2, 11, 101, 137
What are the prime factors of 5148498?
2, 3, 858083
What are the prime factors of 2705916?
2, 3, 225493
What are the prime factors of 483044?
2, 197, 613
List the prime factors of 1271036.
2, 13, 24443
What are the prime factors of 1522199?
7, 217457
List the prime factors of 465387.
3, 13, 11933
What are the prime factors of 252566?
2, 293, 431
List the prime factors of 1546182.
2, 3, 11, 19, 137
What are the prime factors of 682344?
2, 3, 13
List the prime factors of 497295.
3, 5, 43, 257
What are the prime factors of 305152?
2, 149
List the prime factors of 2684283.
3, 7, 17, 73, 103
What are the prime factors of 399544?
2, 49943
What are the prime factors of 24059?
7, 491
List the prime factors of 24587.
23, 1069
List the prime factors of 21060.
2, 3, 5, 13
List the prime factors of 12879975.
3, 5, 171733
List the prime factors of 192971.
192971
What are the prime factors of 3109476?
2, 3, 259123
What are the prime factors of 1097469?
3, 17, 797
What are the prime factors of 316111?
283, 1117
What are the prime factors of 5292640?
2, 5, 19, 1741
List the prime factors of 6409264.
2, 400579
List the prime factors of 200497.
11, 1657
List the prime factors of 3304769.
13, 254213
List the prime factors of 194552.
2, 83, 293
List the prime factors of 154527.
3, 19, 2711
List the prime factors of 3042600.
2, 3, 5, 11, 461
What are the prime factors of 251616?
2, 3, 2621
What are the prime factors of 4662262?
2, 11, 67, 3163
List the prime factors of 8332950.
2, 3, 5, 73, 761
What are the prime factors of 247841?
11, 22531
What are the prime factors of 64078?
2, 7, 23, 199
What are the prime factors of 1648912?
2, 257, 401
What are the prime factors of 301729?
53, 5693
List the prime factors of 18589883.
13, 863, 1657
What are the prime factors of 187614?
2, 3, 7, 1489
List the prime factors of 5195971.
11, 41, 281
What are the prime factors of 2039645?
5, 31, 13159
What are the prime factors of 1634492?
2, 408623
List the prime factors of 30964.
2, 7741
List the prime factors of 12113182.
2, 73, 163, 509
List the prime factors of 6786.
2, 3, 13, 29
List the prime factors of 1644979.
7, 59, 569
List the prime factors of 73414.
2, 11, 47, 71
What are the prime factors of 274251?
3, 113, 809
List the prime factors of 6073682.
2, 241, 12601
List the prime factors of 917360.
2, 5, 11467
What are the prime factors of 14592?
2, 3, 19
List the prime factors of 12453955.
5, 41, 79, 769
List the prime factors of 1787369.
1787369
List the prime factors of 3558274.
2, 1779137
List the prime factors of 986282.
2, 11, 127, 353
What are the prime factors of 273870?
2, 3, 5, 17, 179
List the prime factors of 153273.
3, 19, 2689
What are the prime factors of 4617773?
4617773
What are the prime factors of 17425501?
359, 48539
List the prime factors of 722110.
2, 5, 72211
What are the prime factors of 272144?
2, 73, 233
What are the prime factors of 541729?
271, 1999
What are the prime factors of 5226596?
2, 19, 68771
What are the prime factors of 432167?
432167
What are the prime factors of 10704481?
103, 1009
What are the prime factors of 3692444?
2, 7, 18839
List the prime factors of 115110.
2, 3, 5, 1279
List the prime factors of 471901.
471901
What are the prime factors of 1432970?
2, 5, 7, 11, 1861
List the prime factors of 814477.
814477
List the prime factors of 2467446.
2, 3, 411241
List the prime factors of 237850.
2, 5, 67, 71
What are the prime factors of 293267?
13, 17, 1327
What are the prime factors of 1282514?
2, 17, 67, 563
List the prime factors of 52127.
52127
What are the prime factors of 23018458?
2, 11509229
List the prime factors of 7152720.
2, 3, 5, 29803
What are the prime factors of 6032090?
2, 5, 603209
List the prime factors of 95172.
2, 3, 7, 11, 103
What are the prime factors of 10537587?
3, 390281
What are the prime factors of 1448656?
2, 11, 8231
What are the prime factors of 127141?
7, 41, 443
List the prime factors of 4314755.
5, 37, 83, 281
List the prime factors of 4454.
2, 17, 131
What are the prime factors of 566984?
2, 11, 17, 379
List the prime factors of 1444840.
2, 5, 41, 881
List the prime factors of 2425241.
7, 13, 29, 919
What are the prime factors of 10024939?
10024939
What are the prime factors of 168980?
2, 5, 7, 17, 71
List the prime factors of 6919083.
3, 768787
What are the prime factors of 1528277?
59, 25903
What are the prime factors of 810703?
47, 367
What are the prime factors of 5120300?
2, 5, 51203
What are the prime factors of 25741?
25741
List the prime factors of 32504.
2, 17, 239
List the prime factors of 133860.
2, 3, 5, 23, 97
List the prime factors of 296903.
367, 809
List the prime factors of 32785.
5, 79, 83
What are the prime factors of 10208893?
1999, 5107
What are the prime factors of 2331971?
227, 10273
What are the prime factors of 214013?
17, 12589
What are the prime factors of 508353?
3, 239, 709
What are the prime factors of 277459?
7, 13, 3049
What are the prime factors of 137355?
3, 5, 9157
What are the prime factors of 1360258?
2, 680129
List the prime factors of 9268147.
7, 113, 11717
What are the prime factors of 1602620?
2, 5, 227, 353
List the prime factors of 13387451.
7, 11, 37, 127
List the prime factors of 424519.
424519
List the prime factors of 1198870.
2, 5, 101, 1187
What are the prime factors of 4364?
2, 1091
What are the prime factors of 233257?
17, 13721
List the prime factors of 267027.
3, 89009
List the prime factors of 229346.
2, 13, 8821
What are the prime factors of 95397?
3, 31799
List the prime factors of 24716.
2, 37, 167
What are the prime factors of 4701841?
4701841
What are the prime factors of 703531?
703531
List the prime factors of 3642973.
41, 88853
What are the prime factors of 15255?
3, 5, 113
What are the prime factors of 241192?
2, 7, 59, 73
List the prime factors of 9254009.
9254009
List the prime factors of 322668.
2, 3, 8963
What are the prime factors of 600292?
2, 7, 11, 1949
List the prime factors of 7096735.
5, 17, 29, 2879
What are the prime factors of 155354?
2, 173, 449
List the prime factors of 1624146.
2, 3, 17, 15923
What are the prime factors of 1927979?
1927979
What are the prime factors of 5411222?
2, 1289, 2099
What are the prime factors of 827538?
2, 3, 107, 1289
What are the prime factors of 10007600?
2, 5, 127, 197
List the prime factors of 3422367.
3, 13, 29251
What are the prime factors of 2762987?
83, 33289
List the prime factors of 24020554.
2, 53, 226609
List the prime factors of 5463601.
11, 13, 2939
List the prime factors of 490235.
5, 98047
List the prime factors of 292179.
3, 17, 337
What are the prime factors of 3025920?
2, 3, 5, 197
List the prime factors of 123298.
2, 7, 8807
What are the prime factors of 195177?
3, 17, 43, 89
List the prime factors of 6857883.
3, 701, 1087
What are the prime factors of 78227?
137, 571
List the prime factors of 10428607.
7, 227, 6563
List the prime factors of 1431662.
2, 313, 2287
List the prime factors of 3162742.
2, 11, 233, 617
List the prime factors of 7413346.
2, 149, 24877
List the prime factors of 34088431.
13, 661, 3967
What are the prime factors of 335936?
2, 29, 181
List the prime factors of 104539.
107, 977
List the prime factors of 16485095.
5, 11, 193, 1553
What are the prime factors of 236585?
5, 47317
List the prime factors of 1410485.
5, 282097
What are the prime factors of 2503771?
509, 4919
List the prime factors of 385735.
5, 7, 103, 107
What are the prime factors of 400649?
521, 769
What are the prime factors of 8200757?
103, 773
What are the prime factors of 13537653?
3, 4512551
What are the prime factors of 2357314?
2, 677, 1741
List the prime factors of 3866152.
2, 59, 8191
List the prime 